0661?
False
Is 19559 even?
False
Is 24 a factor of 188?
False
Does 66 divide 389?
False
Does 7 divide 3403?
False
Does 8 divide 1258?
False
Does 16 divide 48640?
True
Is 9332 a multiple of 18?
False
Is 72 a multiple of 10?
False
Is 92 a factor of 3901?
False
Does 86 divide 4024?
False
Is 9 a factor of 13311?
True
Is 2 a factor of 10959?
False
Does 15 divide 574?
False
Does 46 divide 1229?
False
Is 1712 a multiple of 107?
True
Is 16 a factor of 8480?
True
Does 25 divide 90670?
False
Is 59264 a multiple of 64?
True
Is 2287 a multiple of 69?
False
Is 64 a factor of 15012?
False
Is 39234 a multiple of 10?
False
Is 4015 a multiple of 55?
True
Is 32 a factor of 19668?
False
Is 160 a multiple of 2?
True
Is 612 a multiple of 21?
False
Is 30 a factor of 630?
True
Is 104 a multiple of 26?
True
Is 5544 a multiple of 6?
True
Is 48778 a multiple of 99?
False
Is 3 a factor of 311?
False
Is 22 a factor of 390?
False
Is 21054 a multiple of 11?
True
Is 9006 a multiple of 6?
True
Does 13 divide 183?
False
Is 1587 a multiple of 22?
False
Is 11 a factor of 819?
False
Is 43171 a multiple of 125?
False
Does 57 divide 2508?
True
Is 225 a factor of 39825?
True
Is 69 a factor of 1742?
False
Does 6 divide 2259?
False
Is 394 a multiple of 12?
False
Is 19 a factor of 4613?
False
Is 48025 a multiple of 136?
False
Does 38 divide 17480?
True
Does 9 divide 7794?
True
Is 28 a factor of 42504?
True
Is 4 a factor of 6717?
False
Is 51 a multiple of 17?
True
Is 10 a factor of 2200?
True
Is 14 a factor of 1134?
True
Does 41 divide 9645?
False
Does 15 divide 28800?
True
Does 18 divide 421?
False
Is 17 a factor of 32295?
False
Is 2049 a multiple of 38?
False
Is 2940 a multiple of 14?
True
Is 68 a factor of 141?
False
Is 24 a factor of 11888?
False
Is 39 a factor of 1717?
False
Is 28757 a multiple of 140?
False
Does 34 divide 408?
True
Is 27 a factor of 886?
False
Is 10 a factor of 22043?
False
Does 4 divide 7139?
False
Is 11 a factor of 85?
False
Is 9931 a multiple of 40?
False
Is 52 a factor of 541?
False
Does 92 divide 828?
True
Does 43 divide 860?
True
Is 144 a multiple of 6?
True
Is 17 a factor of 5899?
True
Does 26 divide 16172?
True
Does 14 divide 17964?
False
Is 9 a factor of 3248?
False
Is 107 a factor of 54901?
False
Is 2208 a multiple of 96?
True
Does 5 divide 307?
False
Is 99 a factor of 20128?
False
Is 209 a factor of 9758?
False
Does 23 divide 5635?
True
Is 13224 a multiple of 87?
True
Is 13 a factor of 2600?
True
Does 2 divide 1758?
True
Does 12 divide 3259?
False
Is 5605 a multiple of 26?
False
Does 150 divide 15034?
False
Is 171 a multiple of 9?
True
Is 15400 a multiple of 44?
True
Is 9612 a multiple of 36?
True
Is 2370 a multiple of 30?
True
Is 2311 a multiple of 30?
False
Is 13895 a multiple of 23?
False
Is 169386 a multiple of 37?
True
Is 28243 a multiple of 11?
False
Does 105 divide 4725?
True
Does 85 divide 798?
False
Is 840 a multiple of 14?
True
Is 62 a factor of 44803?
False
Is 2856 a multiple of 56?
True
Does 25 divide 10950?
True
Is 270 a factor of 1275?
False
Is 18 a factor of 2951?
False
Is 4705 a multiple of 22?
False
Is 325 a multiple of 60?
False
Is 167 a multiple of 3?
False
Does 13 divide 15738?
False
Is 29260 a multiple of 10?
True
Is 882 a multiple of 49?
True
Does 3 divide 648?
True
Is 85 a factor of 1316?
False
Does 35 divide 750?
False
Is 12 a factor of 12300?
True
Is 2736 a multiple of 24?
True
Is 16440 a multiple of 15?
True
Is 2716 a multiple of 28?
True
Does 44 divide 11044?
True
Is 38 a factor of 14296?
False
Is 12 a factor of 1364?
False
Does 24 divide 2160?
True
Is 9024 a multiple of 29?
False
Is 22 a factor of 32230?
True
Is 5671 a multiple of 15?
False
Is 12 a factor of 7356?
True
Is 1399 a multiple of 7?
False
Does 40 divide 13656?
False
Is 253 a factor of 3289?
True
Does 11 divide 253?
True
Is 1947 a multiple of 15?
False
Is 657 a multiple of 73?
True
Is 20 a factor of 700?
True
Is 945 a multiple of 35?
True
Is 14338 a multiple of 39?
False
Is 90 a multiple of 6?
True
Is 4 a factor of 168?
True
Does 45 divide 3825?
True
Is 33 a factor of 1361?
False
Is 16 a factor of 22832?
True
Is 36 a factor of 925?
False
Is 31493 a multiple of 77?
True
Is 6885 a multiple of 45?
True
Is 98182 a multiple of 42?
False
Is 1561 a multiple of 7?
True
Is 9 a factor of 239?
False
Is 16 a factor of 7952?
True
Is 45355 a multiple of 23?
False
Is 44 a factor of 15664?
True
Does 41 divide 1968?
True
Does 27 divide 6264?
True
Is 14 a multiple of 7?
True
Is 9 a factor of 4045?
False
Is 320 a multiple of 32?
True
Does 2 divide 40?
True
Is 5643 a multiple of 6?
False
Is 141 a factor of 13536?
True
Is 8 a factor of 736?
True
Is 501 a multiple of 6?
False
Is 2319 a multiple of 27?
False
Does 25 divide 350?
True
Is 3 a factor of 351?
True
Is 23 a factor of 115?
True
Is 1214 a multiple of 70?
False
Does 44 divide 37218?
False
Is 30 a factor of 90?
True
Does 6 divide 2874?
True
Does 241 divide 25115?
False
Does 4 divide 3160?
True
Is 5 a factor of 1453?
False
Does 28 divide 2660?
True
Is 851 a multiple of 14?
False
Does 50 divide 26421?
False
Does 4 divide 154?
False
Is 69 a factor of 1449?
True
Does 4 divide 16?
True
Is 47 a factor of 7721?
False
Does 22 divide 30148?
False
Does 21 divide 3297?
True
Is 7 a factor of 770?
True
Is 2816 a multiple of 41?
False
Does 120 divide 26202?
False
Is 705 a multiple of 13?
False
Does 15 divide 1965?
True
Is 11307 a multiple of 50?
False
Is 7 a factor of 439?
False
Is 29 a factor of 22789?
False
Does 13 divide 110695?
True
Is 147 a factor of 5669?
False
Is 15 a factor of 1582?
False
Is 606 a multiple of 99?
False
Is 49950 a multiple of 150?
True
Is 8 a factor of 876?
False
Is 1571 a multiple of 51?
False
Is 16000 a multiple of 5?
True
Is 99 a multiple of 33?
True
Is 77 a multiple of 77?
True
Is 14 a factor of 3024?
True
Is 12023 a multiple of 11?
True
Is 362 a multiple of 11?
False
Does 11 divide 33792?
True
Is 368 a multiple of 4?
True
Is 3750 a multiple of 10?
True
Is 3620 a multiple of 23?
False
Does 17 divide 2618?
True
Is 600 a multiple of 8?
True
Is 18321 a multiple of 128?
False
Is 28070 a multiple of 15?
False
Is 19 a factor of 3598?
False
Is 13 a factor of 2367?
False
Is 206 a factor of 22454?
True
Does 38 divide 9842?
True
Is 11 a factor of 10490?
False
Is 1930 a multiple of 48?
False
Is 2508 a multiple of 11?
True
Is 25771 a multiple of 158?
False
Is 39405 a multiple of 111?
True
Is 20496 a multiple of 14?
True
Is 14 a multiple of 14?
True
Is 23 a factor of 72914?
False
Is 75 a factor of 1186?
False
Is 624 a multiple of 46?
False
Is 64 a multiple of 4?
True
Is 5 a factor of 129?
False
Does 185 divide 45510?
True
Is 36 a factor of 2964?
False
Is 10 a factor of 1432?
False
Is 20 a factor of 720?
True
Does 45 divide 4725?
True
Is 424 a multiple of 8?
True
Is 9074 a multiple of 162?
False
Is 81 a multiple of 2?
False
Is 13935 a multiple of 61?
False
Does 100 divide 800?
True
Does 3 divide 3262?
False
Does 57 divide 5928?
True
Does 13 divide 111020?
True
Is 3696 a multiple of 21?
True
Does 7 divide 2274?
False
Is 44 a multiple of 4?
True
Does 26 divide 2028?
True
Is 430 a multiple of 10?
True
Is 8 a factor of 4148?
False
Is 9 a factor of 3784?
False
Is 121 a factor of 42987?
False
Does 51 divide 17391?
True
Is 2448 a multiple of 16?
True
Is 11 a factor of 245?
False
Is 222 a factor of 3942?
False
Is 76 a factor of 14364?
True
Is 4744 a multiple of 94?
False
Is 34 a factor of 12592?
False
Does 8 divide 249?
False
Is 85 a multiple of 2?
False
Is 68200 a multiple of 166?
False
Is 9368 a multiple of 16?
False
Is 273 a factor of 18564?
True
Is 10354 a multiple of 31?
True
Is 18606 a multiple of 6?
True
Is 7711 a multiple of 18?
False
Is 5 a factor of 897?
False
Is 7 a factor of 554?
False
Is 17208 a multiple of 93?
False
Is 1623 a multiple of 8?
False
Is 12 a factor of 149?
False
Does 7 divide 93?
False
Does 38 divide 40470?
True
Is 1891 a multiple of 31?
True
Is 16 a factor of 587?
False
Is 5 a factor of 905?
True
Is 41028 a multiple of 6?
True
Does 30 divide 30?
True
Is 99 a factor of 10620?
False
Is 33 a factor of 34023?
True
Does 7 divide 1337?
True
Is 6313 a multiple of 59?
True
Does 73 divide 1825?
True
Is 5720 a multiple of 55?
True
Does 48 divide 38490?
False
Is 6417 a multiple of 31?
True
Is 6930 a multiple of 77?
Tr